)/(-9)) - 0. Is ((-3)/(q/(-11)))/1 a composite number?
False
Let z = 92 + -46. Suppose 6*m + z = 8*m. Is m composite?
False
Let s be (-20)/6*24/(-20). Let x = s - 6. Is 0/x + (79 - 0) a prime number?
True
Let i = 25 - 20. Suppose -i*w + 820 = 225. Is w prime?
False
Is -20*((-106)/24 + (-1)/3) prime?
False
Suppose -5*d = 2*d - 19327. Is d a composite number?
True
Suppose -934 - 1103 = -3*m. Is m composite?
True
Suppose -3*m = -281 + 11. Let g = -59 - -98. Let p = m - g. Is p a prime number?
False
Let i be (75 - -1)/((-5)/(-20)). Let a = i - 216. Suppose 4*p - a = -0*p. Is p a composite number?
True
Let c(y) = y - 1. Let i(q) = q + 13. Let f be i(-9). Let o be c(f). Suppose r - t - 42 + o = 0, -2*t = 8. Is r a prime number?
False
Let s(l) = 12*l + 1. Suppose 3*x - 24 = -x + 3*w, -5*x + 31 = -4*w. Is s(x) a prime number?
True
Let q = -16 - -14. Is 4/q*65/(-2) composite?
True
Let m(f) = f + 2*f - 3*f**2 - 4*f - 3*f**3. Let g(d) = 3*d + 1. Let o be g(-1). Is m(o) composite?
True
Suppose 3*w + 0*w - 15 = 0. Suppose 0 = 4*r - 8*y + w*y - 1037, 0 = -r + 3*y + 248. Is r composite?
False
Suppose -3*g + 1475 = -2*g. Suppose 7*z - g = 2*z. Is z a composite number?
True
Is -2*(812/(-8) + -4) composite?
False
Let y = -171 - -741. Suppose 0*n - 5*n - y = 0. Is -4 + 3 + n/(-1) a composite number?
False
Suppose 5*x + 3273 = 4*t, -5*x + 3*x = -2*t + 1634. Suppose 4*j + 8 = 0, 3*f + 0*j - t = -5*j. Is f composite?
True
Is (7/(-14))/((-1)/3386) a composite number?
False
Let u(k) = k**3 - 6*k**2 + 5. Let z be u(6). Let f be 2/z - 532/(-20). Suppose -3*g - 2*a = -7 - 46, 0 = g - 4*a - f. Is g prime?
True
Let w(b) = 3*b**2 - 25*b - 21. Is w(16) a composite number?
False
Suppose 4*f + 3 + 2 = y, -4*f - 2 = 2*y. Let g(d) = -49 + 50 + 54*d**2 + 72*d**2. Is g(f) composite?
False
Let f(g) be the second derivative of g**4/12 + g**3/6 + g. Let k(r) = -2*r**2 - 2*r - 1. Let o(m) = 3*f(m) + k(m). Is o(10) a prime number?
True
Let d = 14 + -8. Suppose 0 = -4*q + d + 86. Is q a prime number?
True
Let u = 3 + -3. Suppose -n - 2*n + 3 = u. Is ((-13)/1)/(n/(-3)) a composite number?
True
Let o(c) = 214*c + 2. Let f be o(3). Suppose -5*m + 0*m + 3*p = -f, -499 = -4*m - 3*p. Is m composite?
False
Suppose 0 = -k + 3*k + 24. Let o be (6/(-5))/(k/40). Suppose -4*i = 6*g - o*g - 86, -4*g + 136 = -4*i. Is g composite?
False
Suppose a + a = 2. Let q be ((-4 - -1) + 3)/a. Suppose -n - 4*g = -q*g - 65, -91 = -2*n + 5*g. Is n a composite number?
False
Let k = 800 + -247. Is k prime?
False
Suppose -4*f - f = -75. Is f a prime number?
False
Let w(r) = 3*r + 6. Let z be w(-4). Let x = z - -12. Is (9/x)/(1/38) a composite number?
True
Let v(w) = w**2 - 2. Let l be v(2). Let b be l/4 + 187/(-2). Let i = 92 - b. Is i a composite number?
True
Suppose 2*f + 21 = 443. Is f a prime number?
True
Let z(j) = 126*j. Let r(c) = -c. Let o be r(-1). Let x be z(o). Suppose -u - 3*i = -28, -2*i = -4*u - 0*i + x. Is u composite?
False
Suppose 5*a = 0, 3*y - 400 = 7*y - 3*a. Let l = y + 151. Is l a prime number?
False
Let t = -15 - -14. Is -1*(-381 + (-2)/t) prime?
True
Suppose -d + 6*c = 2*c + 11, 3*c = 5*d - 13. Suppose 2*p = -o - 3, 3*o - p - 31 = 3*p. Let b = o + d. Is b a composite number?
True
Let q be -2 + 0 + -1 + -44. Let i = -10 - q. Is i composite?
False
Is (-5 - -3 - -194) + -1 a prime number?
True
Let s(n) = -2*n**3 + 3*n**2 - 5*n - 2. Let t be s(-3). Is t/(-4)*(13 - 15) a composite number?
False
Suppose -3*h + 81 = 5*b, 2*b - 21 = 2*h - 75. Let m = h - -12. Is m prime?
False
Suppose -2*m = -3*m. Suppose 60 = 4*c - m*c. Is -2*(-2)/(-4) + c prime?
False
Let v = 0 - 3. Let q be (-2)/2*2217/v. Suppose 0 = -3*k + q - 238. Is k composite?
False
Let c(p) = -3*p + 4. Let w be c(-4). Suppose -2*a = -w + 4. Suppose 5*n - a*n + 79 = 0. Is n prime?
True
Suppose 0 = -2*i + 2 + 4. Is i/6 + (-2105)/(-10) prime?
True
Suppose 818 = c + 4*w, 3*w + 4 = -11. Is c composite?
True
Let f = 16 - 7. Let d(u) be the first derivative of u**3 - 9*u**2/2 - 13*u + 2. Is d(f) a composite number?
False
Let z(d) = 709*d**2 + 3*d - 9. Is z(2) prime?
True
Let z(n) = -2*n + 2. Let k be 18/4 - (-6)/(-12). Let d be 6/k*(-12)/9. Is z(d) composite?
True
Let o = -11 - -16. Suppose b - 5*b - 4*a = -4, -2*a - 12 = -o*b. Suppose b*w - 185 = w. Is w a composite number?
True
Let b be (-5 + 3)/((-4)/6). Suppose -3*y - 4*x = -7 - 140, 3*y = b*x + 147. Is y a prime number?
False
Let v = -8 + 43. Let c = v + -16. Is c a composite number?
False
Suppose -v + 11 - 2 = 0. Let m be ((-3)/v)/(1/(-3)). Is (-144)/(2 + -5) + m prime?
False
Let a = 6 - 8. Let m(p) = 14*p**2 + 3*p + 3. Is m(a) a composite number?
False
Let r = -1 + 1. Suppose -2*a + 3*o + 313 = 3*a, r = -o - 1. Is a a prime number?
False
Suppose -20 = -2*x - 3*x. Suppose -t = x*i - 59 - 66, -2*t = -2*i - 210. Let w = -60 + t. Is w a prime number?
False
Suppose 2*z - z = 372. Let a = -479 + 226. Let s = z + a. Is s composite?
True
Let d = -6 - -10. Is 4/d + (-2)/(-1) prime?
True
Let z be 2/(-4) + (-28)/(-8). Suppose 5*p + 16 = -2*t + 151, z*t + 5*p - 200 = 0. Is t a composite number?
True
Let p(s) = -s**3 - 4*s**2 - 4*s + 1. Let c be p(-3). Let d = -3 + c. Is d*(-2 - 153/(-3)) prime?
False
Suppose -5*z + 188 + 87 = 0. Is z a composite number?
True
Let w(q) = 30*q - 5. Is w(5) composite?
True
Is (83/(-4))/(14/(-392)) a prime number?
False
Let b(w) = 2*w - 1. Let z be b(1). Let g(m) = -3*m - z + 1 + 158*m**2 + m - 1. Is g(-1) composite?
True
Suppose -2*r - 2*j + 5 + 3 = 0, 3*j - 12 = 0. Suppose -5*c + 250 = 5*o, -5*o + r*o + 38 = c. Is c composite?
False
Suppose 4*d = 57 + 3. Is (282/d)/(2/10) a prime number?
False
Let l(y) = -y**3 - 3*y + 5*y**3 - 4 - 3*y**3. Let m(c) = c**3 - 3*c**2 - 2*c - 5. Let x be m(4). Is l(x) a composite number?
True
Let l(z) = 384*z - 3. Is l(3) prime?
False
Let v be 7 + -8 + (10 - -1). Let k(m) = m**2 - 9*m - 7. Let z be k(v). Suppose 3*b + 3*c = -0*b + 294, 488 = 5*b + z*c. Is b composite?
False
Let a(c) = 11*c - 3. Let p be 1 - (-3)/3 - 0. Is a(p) a composite number?
False
Is (42/(-15))/((-2)/785) composite?
True
Suppose 1045 = 4*d + 3*a, -4*d = -d + 4*a - 775. Is d prime?
False
Suppose -2*l + 2611 - 439 = 2*t, 4*t - 2*l = 4350. Suppose -g = -5*h + t, 2*h = 3*h - 3*g - 223. Is h a composite number?
True
Let i(q) = 58*q**2 + 3*q - 15. Is i(-10) a prime number?
False
Suppose -3*c + 104 = -61. Is c prime?
False
Let k(t) = t**3 - 3*t**2 + 4*t. Let u be k(3). Let q = 2 - -1. Suppose -q*m + 111 = u. Is m a composite number?
True
Let t be ((-11)/(-4))/((-3)/12). Let s(a) = a**2 + 10*a - 5. Let v be s(t). Is (-64)/(-3) + 4/v composite?
True
Let w = -44 + 79. Is w a composite number?
True
Let p(r) = -412*r + 7. Let n(f) = f + 1. Let y(u) = 5*n(u) - p(u). Is y(1) composite?
True
Suppose -5*s + s + 12 = 0. Suppose 0 = s*c - 3*l - 3, -3*c - 3 = 4*l + 1. Suppose -3*f + 12 = 0, 0 = -3*w + 4*f - c*f + 251. Is w a composite number?
False
Suppose 0 = 2*c - 83 - 111. Is c composite?
False
Is 185/(-10)*(-1 + -1) a prime number?
True
Suppose -s - 154 = -b, -4*s + 76 = -b + 221. Is b a prime number?
True
Suppose -f + 979 = 5*j - 1517, -2*f + 2*j + 4956 = 0. Is f a prime number?
False
Let a(z) = 263*z. Is a(5) a composite number?
True
Suppose -2*c = -80 - 116. Suppose -4*o - 348 = 5*y, -o + y = c - 20. Let k = o - -149. Is k prime?
True
Let a(c) = 299*c**2 + 2*c + 15. Is a(-4) prime?
False
Let i be (2 + -4)/((-2)/17). Suppose -5*p - 25 = 0, i = 3*x - 5*p - 17. Suppose x*r - 112 = 62. Is r prime?
False
Let i = 10 - 8. Suppose -i*p + 322 + 48 = 0. Is p a prime number?
False
Suppose 0 = -4*b - 3*f + 9016, -2*b - 3*f = b - 6759. Is b prime?
False
Let h = -6 - -4. Let f be (0 + -1)*-111 - h. Suppose 3*u - 39 = 4*t + 82, -3*u - 4*t + f = 0. Is u composite?
True
Suppose 3*o + 0*o = -186. Let u = o - -126. Let x = 15 + u. Is x a prime number?
True
Let s(o) = -8*o**3 - o**2 - o. Let h be s(-1). Let w = h - 4. Is w a composite number?
True
Suppose -3*c = a - 455, -4*a = -a - 2*c - 1321. Is a a composite number?
False
Let p = -10 + 5. Let u = p - -84. Is u a prime number?
True
Suppose 2*w - 116 = 3*w. Let f = 89 - w. Is f a composite number?
True
Is (166/(-4))/((-124)/40 - -3) a prime number?
False
Let k(c) = -c**3 + 8*c**2 + 3. Let u be k(8). Let m be 116 - (-3 - -2) - u. Let y = m + -47. Is